{"id":12,"date":"2019-04-24T14:03:32","date_gmt":"2019-04-24T12:03:32","guid":{"rendered":"https:\/\/test.reitverein-schafmatt.ch\/?page_id=12"},"modified":"2025-08-05T15:19:08","modified_gmt":"2025-08-05T13:19:08","slug":"areal","status":"publish","type":"page","link":"https:\/\/www.reitverein-schafmatt.ch\/index.php\/vermietung\/areal\/","title":{"rendered":"Areal"},"content":{"rendered":"<p style=\"text-align: center\"><strong>Vermietung<\/strong><\/p>\n<p style=\"text-align: center\">Die Vermietung des Reitareals ist beschr\u00e4nkt.<\/p>\n<p style=\"text-align: center\">Anfragen sind direkt an&nbsp;Sabrina Schaffner&nbsp;(Tel.: 079 734 61 50) zu richten.<\/p>\n<p style=\"text-align: center\">Achtung: Wir k\u00f6nnen derzeit aus Platzgr\u00fcnden <strong>keine<\/strong> Fremdreiter-Pl\u00e4tze mehr anbieten.<\/p>\n<p style=\"text-align: center\">&nbsp;<br \/>\n<iframe loading=\"lazy\" class=\"pdfjs-viewer\" width=\"600px\" height=\"849px\" src=\"https:\/\/www.reitverein-schafmatt.ch\/wp-content\/plugins\/pdf-viewer\/stable\/web\/viewer.html?file=https:\/\/www.reitverein-schafmatt.ch\/wp-content\/uploads\/2019\/04\/20120211_Tarifordnung_2012.pdf\"><\/iframe> <br \/>\n&nbsp;<\/p>\n","protected":false},"excerpt":{"rendered":"<p>Vermietung Die Vermietung des Reitareals ist beschr\u00e4nkt. Anfragen sind direkt an&nbsp;Sabrina Schaffner&nbsp;(Tel.: 079 734 61 50) zu richten. Achtung: Wir k\u00f6nnen derzeit aus Platzgr\u00fcnden keine Fremdreiter-Pl\u00e4tze mehr anbieten. &nbsp; &nbsp;<\/p>\n","protected":false},"author":1,"featured_media":0,"parent":25,"menu_order":2,"comment_status":"closed","ping_status":"closed","template":"","meta":{"ngg_post_thumbnail":0,"footnotes":""},"class_list":["post-12","page","type-page","status-publish","hentry"],"_links":{"self":[{"href":"https:\/\/www.reitverein-schafmatt.ch\/index.php\/wp-json\/wp\/v2\/pages\/12","targetHints":{"allow":["GET"]}}],"collection":[{"href":"https:\/\/www.reitverein-schafmatt.ch\/index.php\/wp-json\/wp\/v2\/pages"}],"about":[{"href":"https:\/\/www.reitverein-schafmatt.ch\/index.php\/wp-json\/wp\/v2\/types\/page"}],"author":[{"embeddable":true,"href":"https:\/\/www.reitverein-schafmatt.ch\/index.php\/wp-json\/wp\/v2\/users\/1"}],"replies":[{"embeddable":true,"href":"https:\/\/www.reitverein-schafmatt.ch\/index.php\/wp-json\/wp\/v2\/comments?post=12"}],"version-history":[{"count":8,"href":"https:\/\/www.reitverein-schafmatt.ch\/index.php\/wp-json\/wp\/v2\/pages\/12\/revisions"}],"predecessor-version":[{"id":7123,"href":"https:\/\/www.reitverein-schafmatt.ch\/index.php\/wp-json\/wp\/v2\/pages\/12\/revisions\/7123"}],"up":[{"embeddable":true,"href":"https:\/\/www.reitverein-schafmatt.ch\/index.php\/wp-json\/wp\/v2\/pages\/25"}],"wp:attachment":[{"href":"https:\/\/www.reitverein-schafmatt.ch\/index.php\/wp-json\/wp\/v2\/media?parent=12"}],"curies":[{"name":"wp","href":"https:\/\/api.w.org\/{rel}","templated":true}]}}

<p style="text-align: center"><strong>Vermietung</strong></p>
<p style="text-align: center">Die Vermietung des Reitareals ist beschränkt.</p>
<p style="text-align: center">Anfragen sind direkt an&nbsp;Sabrina Schaffner&nbsp;(Tel.: 079 734 61 50) zu richten.</p>
<p style="text-align: center">Achtung: Wir können derzeit aus Platzgründen <strong>keine</strong> Fremdreiter-Plätze mehr anbieten.</p>
<p style="text-align: center">&nbsp;<br />
<iframe loading="lazy" class="pdfjs-viewer" width="600px" height="849px" src="https://www.reitverein-schafmatt.ch/wp-content/plugins/pdf-viewer/stable/web/viewer.html?file=https://www.reitverein-schafmatt.ch/wp-content/uploads/2019/04/20120211_Tarifordnung_2012.pdf"></iframe> <br />
&nbsp;</p>

<p>Vermietung Die Vermietung des Reitareals ist beschränkt. Anfragen sind direkt an&nbsp;Sabrina Schaffner&nbsp;(Tel.: 079 734 61 50) zu richten. Achtung: Wir können derzeit aus Platzgründen keine Fremdreiter-Plätze mehr anbieten. &nbsp; &nbsp;</p>
